r of 2304?
True
Does 45 divide 45?
True
Is 20794 a multiple of 161?
False
Is 8317 a multiple of 23?
False
Is 3 a factor of 26?
False
Is 48 a factor of 27600?
True
Is 4919 a multiple of 17?
False
Is 18 a factor of 76554?
True
Is 3 a factor of 25?
False
Does 22 divide 16544?
True
Is 15 a factor of 1176?
False
Is 47 a factor of 235?
True
Does 2 divide 195?
False
Is 9627 a multiple of 24?
False
Is 28 a factor of 2008?
False
Is 20 a factor of 144060?
True
Does 49 divide 25480?
True
Is 12 a factor of 3481?
False
Is 8474 a multiple of 38?
True
Is 18 a factor of 252?
True
Is 1782 a multiple of 15?
False
Is 33 a factor of 76428?
True
Does 13 divide 4303?
True
Is 11 a factor of 444?
False
Does 10 divide 1223?
False
Is 18 a factor of 309?
False
Is 110 a multiple of 10?
True
Is 54 a multiple of 27?
True
Is 29902 a multiple of 183?
False
Does 17 divide 850?
True
Is 25 a factor of 21277?
False
Is 6048 a multiple of 108?
True
Is 25380 a multiple of 21?
False
Is 7 a factor of 31738?
True
Does 100 divide 12600?
True
Is 2175 a multiple of 25?
True
Does 8 divide 154?
False
Is 600 a multiple of 20?
True
Does 18 divide 5072?
False
Does 14 divide 336?
True
Is 697 a multiple of 37?
False
Is 2600 even?
True
Does 23 divide 2661?
False
Does 22 divide 10652?
False
Is 506 a multiple of 11?
True
Is 4 a factor of 1628?
True
Is 4536 a multiple of 54?
True
Is 620 a multiple of 3?
False
Is 51731 a multiple of 50?
False
Does 7 divide 399?
True
Does 2 divide 4?
True
Is 140 a factor of 8260?
True
Is 528 a multiple of 16?
True
Is 32603 a multiple of 16?
False
Is 2752 a multiple of 15?
False
Is 272 a multiple of 8?
True
Is 1556 a multiple of 25?
False
Does 7 divide 13615?
True
Is 3000 a multiple of 40?
True
Is 8 a factor of 524?
False
Is 105 a factor of 80325?
True
Is 580 a multiple of 20?
True
Is 24 a factor of 4342?
False
Is 17 a factor of 1615?
True
Is 2498 a multiple of 20?
False
Is 6764 a multiple of 76?
True
Does 26 divide 4524?
True
Does 38 divide 608?
True
Does 11 divide 2851?
False
Is 6 a factor of 414?
True
Does 70 divide 379?
False
Does 9 divide 21854?
False
Is 84 a factor of 225?
False
Is 2994 a multiple of 49?
False
Is 21 a factor of 5838?
True
Is 7 a factor of 2787?
False
Is 6 a factor of 927?
False
Does 14 divide 3014?
False
Does 66 divide 20155?
False
Does 29 divide 4642?
False
Is 60 a factor of 12697?
False
Does 35 divide 1610?
True
Is 81 a factor of 13538?
False
Does 52 divide 769?
False
Is 142 a factor of 13774?
True
Is 85 a factor of 1615?
True
Is 318 a multiple of 90?
False
Does 11 divide 520?
False
Is 2378 even?
True
Does 42 divide 28427?
False
Is 181 a multiple of 181?
True
Is 13 a factor of 1261?
True
Is 281 a multiple of 19?
False
Is 105 a multiple of 15?
True
Is 3613 a multiple of 9?
False
Does 14 divide 25192?
False
Is 245 a multiple of 7?
True
Does 72 divide 3924?
False
Is 1198 a multiple of 31?
False
Does 287 divide 65436?
True
Is 20 a factor of 140?
True
Is 1638 a multiple of 13?
True
Is 261 a factor of 36540?
True
Is 15985 a multiple of 115?
True
Does 46 divide 966?
True
Is 94 a factor of 7107?
False
Is 1840 a multiple of 80?
True
Is 438 a multiple of 14?
False
Is 299 a multiple of 13?
True
Is 18165 a multiple of 35?
True
Is 32 a factor of 4001?
False
Is 28 a factor of 35868?
True
Is 26 a factor of 48958?
True
Does 16 divide 382?
False
Does 107 divide 1391?
True
Is 212 a multiple of 4?
True
Does 77 divide 1515?
False
Is 105496 a multiple of 12?
False
Is 8 a factor of 16701?
False
Does 9 divide 1700?
False
Is 8457 a multiple of 5?
False
Is 3572 a multiple of 4?
True
Is 1695 a multiple of 9?
False
Does 26 divide 76752?
True
Does 3 divide 2368?
False
Is 51 a factor of 27633?
False
Is 21 a factor of 435?
False
Is 24584 a multiple of 20?
False
Does 16 divide 5250?
False
Is 39 a factor of 2206?
False
Is 96449 a multiple of 49?
False
Is 601 a multiple of 11?
False
Is 4780 a multiple of 20?
True
Is 47 a factor of 517?
True
Is 19849 a multiple of 142?
False
Does 61 divide 671?
True
Is 7 a factor of 9433?
False
Does 68 divide 956?
False
Is 64 a factor of 503?
False
Does 17 divide 5185?
True
Is 124 a factor of 14880?
True
Is 651 a multiple of 93?
True
Does 33 divide 4145?
False
Is 106 a factor of 2389?
False
Is 17693 a multiple of 13?
True
Is 19 a factor of 4845?
True
Does 30 divide 11538?
False
Does 14 divide 2909?
False
Is 22 a factor of 1056?
True
Is 4600 a multiple of 50?
True
Does 101 divide 3131?
True
Is 3 a factor of 41?
False
Does 14 divide 167118?
True
Is 58 a factor of 2043?
False
Does 5 divide 1790?
True
Is 644 a multiple of 86?
False
Does 5 divide 300?
True
Is 46 a factor of 105241?
False
Is 32 a factor of 2921?
False
Does 10 divide 860?
True
Is 15 a factor of 8764?
False
Is 4636 a multiple of 10?
False
Does 8 divide 40?
True
Is 4208 a multiple of 51?
False
Does 5 divide 2914?
False
Does 42 divide 13796?
False
Does 9 divide 990?
True
Is 2508 a multiple of 22?
True
Is 288 a multiple of 13?
False
Is 36 a factor of 20268?
True
Is 52 a factor of 463?
False
Is 3 a factor of 24?
True
Is 9002 a multiple of 86?
False
Is 731 a multiple of 3?
False
Is 15 a factor of 17808?
False
Is 2992 a multiple of 21?
False
Is 198 a multiple of 11?
True
Does 47 divide 705?
True
Is 25 a factor of 7000?
True
Does 23 divide 1910?
False
Is 30 a multiple of 4?
False
Is 22 a factor of 1490?
False
Does 9 divide 83?
False
Is 851 a multiple of 23?
True
Is 57970 a multiple of 187?
True
Is 13482 a multiple of 42?
True
Is 68 a factor of 11981?
False
Is 855 a multiple of 24?
False
Does 36 divide 504?
True
Does 74 divide 2339?
False
Is 223 a factor of 11596?
True
Is 2 a factor of 1884?
True
Is 152 a factor of 7448?
True
Does 18 divide 2641?
False
Does 389 divide 25285?
True
Is 67 a factor of 17261?
False
Is 2854 a multiple of 53?
False
Is 792 a multiple of 44?
True
Is 17 a factor of 4420?
True
Is 57 a factor of 16336?
False
Is 29896 a multiple of 74?
True
Is 6 a factor of 3228?
True
Is 13 a factor of 4888?
True
Is 13 a factor of 56714?
False
Does 173 divide 2595?
True
Is 17 a factor of 1339?
False
Does 24 divide 1769?
False
Is 124 a multiple of 11?
False
Is 1600 a multiple of 16?
True
Is 16 a factor of 691?
False
Is 59920 a multiple of 70?
True
Is 59 a multiple of 9?
False
Is 8534 a multiple of 9?
False
Is 698 a multiple of 86?
False
Is 26189 a multiple of 13?
False
Is 15520 a multiple of 10?
True
Is 10 a factor of 435?
False
Is 6 a factor of 6426?
True
Is 34 a factor of 617?
False
Is 14 a factor of 472?
False
Is 49 a factor of 1323?
True
Is 18 a factor of 17017?
False
Is 94497 a multiple of 9?
False
Does 32 divide 750?
False
Is 1012 a multiple of 22?
True
Does 12 divide 1314?
False
Is 19652 a multiple of 34?
True
Does 10 divide 10682?
False
Is 33 a factor of 2211?
True
Does 11 divide 2013?
True
Does 16 divide 21682?
False
Is 2648 a multiple of 9?
False
Is 3932 a multiple of 104?
False
Does 5 divide 86?
False
Is 107 a multiple of 15?
False
Does 20 divide 27340?
True
Does 32 divide 1011?
False
Is 20 a factor of 30800?
True
Is 62 a factor of 1922?
True
Is 14 a factor of 10430?
True
Is 8241 a multiple of 201?
True
Is 7 a factor of 144?
False
Is 2 a factor of 126?
True
Does 85 divide 7565?
True
Is 22 a factor of 2522?
False
Does 35 divide 945?
True
Is 3289 a multiple of 54?
False
Is 7 a factor of 1547?
True
Is 5 a factor of 95?
True
Does 21 divide 4602?
False
Does 8 divide 32?
True
Is 387 a factor of 120357?
True
Is 16 a factor of 390?
False
Is 11 a factor of 700?
False
Is 15469 a multiple of 67?
False
Is 921 a multiple of 18?
False
Is 10221 a multiple of 18?
False
Is 2 a factor of 25?
False
Is 14144 a multiple of 13?
True
Is 7120 a multiple of 4?
True
Is 34275 a multiple of 147?
False
Does 54 divide 4482?
True
Is 162 a factor of 19764?
True
Does 5 divide 13450?
True
Does 38 divide 9386?
True
Is 360 a multiple of 25?
False
Is 10 a factor of 3292?
False
Is 106 a factor of 1044?
False
Is 67 a factor of 59094?
True
Is 3869 a multiple of 53?
True
Does 19 divide 779?
True
Does 33 divide 2587?
False
Is 20 a multiple of 10?
True
Is 13 a factor of 13468?
True
Is 1639 a multiple of 11?
True
Is 19 a factor of 2280?
True
Does 10 divide 936?
False
Does 11 divide 1892?
True
Does 74 divide 666?
True
Is 103 a factor of 66744?
True
Is 65 a factor of 1040?
True
Is 4 a factor of 636?
True
Does 61 divide